{"id":10,"date":"2024-07-10T14:16:21","date_gmt":"2024-07-10T12:16:21","guid":{"rendered":"https:\/\/karesz-epito.hu\/?page_id=10"},"modified":"2024-07-13T10:39:12","modified_gmt":"2024-07-13T08:39:12","slug":"karesz-epito-hu-minoseg-es-megbizhatosag-az-epitoiparban","status":"publish","type":"page","link":"https:\/\/karesz-epito.hu\/","title":{"rendered":"Karesz-epito.hu: Min\u0151s\u00e9g \u00e9s Megb\u00edzhat\u00f3s\u00e1g az \u00c9p\u00edt\u0151iparban"},"content":{"rendered":"\n<p class=\"has-text-align-center\"><strong>\u00dcDV\u00d6ZL\u00d6M CSIK\u00d3S K\u00c1ROLY VAGYOK <\/strong><br>egy\u00e9ni v\u00e1llalkoz\u00f3.<\/p>\n\n\n\n<ul class=\"wp-block-list\">\n<li>T\u00f6bb mint 20 \u00e9ve m\u0171k\u00f6d\u0151 v\u00e1llalkoz\u00e1s, ami ap\u00e1r\u00f3l-fi\u00fara sz\u00e1llt.<\/li>\n\n\n\n<li>Szolg\u00e1ltat\u00e1sunk lak\u00f3 \u00e9s nem lak\u00f3 \u00e9p\u00fcletek kivitelez\u00e9se<\/li>\n\n\n\n<li>5 f\u0151b\u0151l \u00e1ll\u00f3 k\u00e1ros szenved\u00e9lyekt\u0151l mentes \u00f6nmagukra \u00e9s munk\u00e1jukra ig\u00e9nyes szakemberekb\u0151l \u00e1ll !<\/li>\n\n\n\n<li>Pontos, prec\u00edz munkav\u00e9gz\u00e9s<\/li>\n<\/ul>\n\n\n\n<figure class=\"wp-block-image size-large\"><img loading=\"lazy\" decoding=\"async\" width=\"1024\" height=\"683\" src=\"https:\/\/karesz-epito.hu\/wp-content\/uploads\/2024\/07\/bricklaying-construction-worker-building-brick-wall_1150-14756-1024x683.jpg\" loading=\"lazy\" alt=\"\" class=\"wp-image-29\" srcset=\"https:\/\/karesz-epito.hu\/wp-content\/uploads\/2024\/07\/bricklaying-construction-worker-building-brick-wall_1150-14756-1024x683.jpg 1024w, https:\/\/karesz-epito.hu\/wp-content\/uploads\/2024\/07\/bricklaying-construction-worker-building-brick-wall_1150-14756-300x200.jpg 300w, https:\/\/karesz-epito.hu\/wp-content\/uploads\/2024\/07\/bricklaying-construction-worker-building-brick-wall_1150-14756-768x512.jpg 768w, https:\/\/karesz-epito.hu\/wp-content\/uploads\/2024\/07\/bricklaying-construction-worker-building-brick-wall_1150-14756.jpg 1380w\" sizes=\"auto, (max-width: 1024px) 100vw, 1024px\" \/><\/figure>\n\n\n\n<p>A v\u00e1llalkoz\u00e1s szolg\u00e1ltat\u00e1sai:<\/p>\n\n\n\n<ul class=\"wp-block-list\">\n<li>k\u0151m\u0171ves munk\u00e1latok<\/li>\n\n\n\n<li>hideg-meleg burkol\u00e1s munk\u00e1latok<\/li>\n\n\n\n<li>fest\u00e9s-m\u00e1zol\u00e1s munk\u00e1latok<\/li>\n\n\n\n<li>gipszkartonoz\u00e1si munk\u00e1latok<\/li>\n\n\n\n<li>dryvitoz\u00e1si munk\u00e1latok<\/li>\n\n\n\n<li>bont\u00e1s-takar\u00edt\u00e1s (seg\u00e9d munk\u00e1latok elv\u00e9gz\u00e9se)<\/li>\n<\/ul>\n\n\n\n<figure class=\"wp-block-image size-large\"><img loading=\"lazy\" decoding=\"async\" width=\"1024\" height=\"683\" src=\"https:\/\/karesz-epito.hu\/wp-content\/uploads\/2024\/07\/full-shot-construction-worker-holding-tool_23-2149328045-1024x683.jpg\" loading=\"lazy\" alt=\"\" class=\"wp-image-17\" srcset=\"https:\/\/karesz-epito.hu\/wp-content\/uploads\/2024\/07\/full-shot-construction-worker-holding-tool_23-2149328045-1024x683.jpg 1024w, https:\/\/karesz-epito.hu\/wp-content\/uploads\/2024\/07\/full-shot-construction-worker-holding-tool_23-2149328045-300x200.jpg 300w, https:\/\/karesz-epito.hu\/wp-content\/uploads\/2024\/07\/full-shot-construction-worker-holding-tool_23-2149328045-768x512.jpg 768w, https:\/\/karesz-epito.hu\/wp-content\/uploads\/2024\/07\/full-shot-construction-worker-holding-tool_23-2149328045.jpg 1380w\" sizes=\"auto, (max-width: 1024px) 100vw, 1024px\" \/><\/figure>\n\n\n\n<p>K\u00f6sz\u00f6n\u00f6m, hogy id\u0151t sz\u00e1nt v\u00e1llalkoz\u00e1som bemutat\u00e1s\u00e1ra, rem\u00e9lem, hogy hamarosan \u00fcgyfeleim k\u00f6z\u00f6tt szem\u00e9lyesen is \u00fcdv\u00f6z\u00f6lhetem.<\/p>\n\n\n\n<figure class=\"wp-block-image size-large\"><img loading=\"lazy\" decoding=\"async\" width=\"1024\" height=\"683\" src=\"https:\/\/karesz-epito.hu\/wp-content\/uploads\/2024\/07\/worker-grinding-white-wall-with-sandpaper_176420-4772-1024x683.jpg\" loading=\"lazy\" alt=\"\" class=\"wp-image-19\" srcset=\"https:\/\/karesz-epito.hu\/wp-content\/uploads\/2024\/07\/worker-grinding-white-wall-with-sandpaper_176420-4772-1024x683.jpg 1024w, https:\/\/karesz-epito.hu\/wp-content\/uploads\/2024\/07\/worker-grinding-white-wall-with-sandpaper_176420-4772-300x200.jpg 300w, https:\/\/karesz-epito.hu\/wp-content\/uploads\/2024\/07\/worker-grinding-white-wall-with-sandpaper_176420-4772-768x512.jpg 768w, https:\/\/karesz-epito.hu\/wp-content\/uploads\/2024\/07\/worker-grinding-white-wall-with-sandpaper_176420-4772.jpg 1380w\" sizes=\"auto, (max-width: 1024px) 100vw, 1024px\" \/><\/figure>\n\n\n\n<hr class=\"wp-block-separator has-alpha-channel-opacity\"\/>\n\n\n\n<div class=\"wp-block-buttons is-content-justification-center is-layout-flex wp-container-core-buttons-is-layout-16018d1d wp-block-buttons-is-layout-flex\">\n<div class=\"wp-block-button\"><a class=\"wp-block-button__link wp-element-button\" href=\"https:\/\/karesz-epito.hu\/?page_id=32\">Vegye fel a kapcsolatot vel\u00fcnk !<\/a><\/div>\n<\/div>\n\n\n\n<hr class=\"wp-block-separator has-alpha-channel-opacity\"\/>\n","protected":false},"excerpt":{"rendered":"<p>\u00dcDV\u00d6ZL\u00d6M CSIK\u00d3S K\u00c1ROLY VAGYOK egy\u00e9ni v\u00e1llalkoz\u00f3. A v\u00e1llalkoz\u00e1s szolg\u00e1ltat\u00e1sai: K\u00f6sz\u00f6n\u00f6m, hogy id\u0151t sz\u00e1nt v\u00e1llalkoz\u00e1som bemutat\u00e1s\u00e1ra, rem\u00e9lem, hogy hamarosan \u00fcgyfeleim k\u00f6z\u00f6tt szem\u00e9lyesen is \u00fcdv\u00f6z\u00f6lhetem.<\/p>\n","protected":false},"author":1,"featured_media":0,"parent":0,"menu_order":0,"comment_status":"closed","ping_status":"closed","template":"","meta":{"footnotes":""},"class_list":["post-10","page","type-page","status-publish","hentry"],"_links":{"self":[{"href":"https:\/\/karesz-epito.hu\/index.php?rest_route=\/wp\/v2\/pages\/10","targetHints":{"allow":["GET"]}}],"collection":[{"href":"https:\/\/karesz-epito.hu\/index.php?rest_route=\/wp\/v2\/pages"}],"about":[{"href":"https:\/\/karesz-epito.hu\/index.php?rest_route=\/wp\/v2\/types\/page"}],"author":[{"embeddable":true,"href":"https:\/\/karesz-epito.hu\/index.php?rest_route=\/wp\/v2\/users\/1"}],"replies":[{"embeddable":true,"href":"https:\/\/karesz-epito.hu\/index.php?rest_route=%2Fwp%2Fv2%2Fcomments&post=10"}],"version-history":[{"count":14,"href":"https:\/\/karesz-epito.hu\/index.php?rest_route=\/wp\/v2\/pages\/10\/revisions"}],"predecessor-version":[{"id":45,"href":"https:\/\/karesz-epito.hu\/index.php?rest_route=\/wp\/v2\/pages\/10\/revisions\/45"}],"wp:attachment":[{"href":"https:\/\/karesz-epito.hu\/index.php?rest_route=%2Fwp%2Fv2%2Fmedia&parent=10"}],"curies":[{"name":"wp","href":"https:\/\/api.w.org\/{rel}","templated":true}]}}